 11478?
6
What is the greatest common divisor of 28 and 732627329?
7
What is the greatest common divisor of 4758880 and 875?
35
Calculate the greatest common divisor of 847357604 and 548.
548
Calculate the greatest common factor of 973312 and 640.
128
What is the highest common factor of 97770098 and 2224?
278
Calculate the highest common divisor of 8577250 and 375.
125
What is the greatest common factor of 89624 and 6931362?
1318
Calculate the greatest common factor of 33684 and 428316.
84
What is the highest common factor of 20 and 11422580?
20
What is the highest common divisor of 723250 and 5132182?
5786
What is the greatest common divisor of 469122822 and 742?
742
Calculate the greatest common divisor of 116244 and 19476.
36
What is the greatest common divisor of 125 and 36217925?
25
Calculate the greatest common factor of 16709 and 135811.
31
What is the highest common divisor of 182175351 and 6?
3
Calculate the greatest common divisor of 11835 and 197462241.
2367
Calculate the greatest common divisor of 77831 and 2990.
13
What is the greatest common divisor of 355 and 21924871?
71
Calculate the greatest common divisor of 1180 and 5631260.
20
What is the highest common factor of 5361055 and 22372?
329
Calculate the highest common factor of 2794 and 26416381.
127
Calculate the highest common divisor of 274550 and 160.
10
Calculate the greatest common factor of 1692 and 15111972.
36
Calculate the highest common divisor of 8826049 and 287725.
677
What is the greatest common divisor of 2024 and 422257?
253
What is the greatest common factor of 6181279 and 2561?
13
What is the highest common divisor of 3038 and 940974?
62
What is the greatest common factor of 12759 and 92511256?
4253
Calculate the highest common divisor of 384 and 20902848.
192
What is the highest common factor of 940580 and 327500?
2620
Calculate the greatest common factor of 16653 and 14868399.
273
Calculate the greatest common factor of 17597439 and 342.
171
What is the highest common divisor of 358577 and 1428976?
1333
Calculate the greatest common divisor of 30721926 and 12408.
282
Calculate the greatest common factor of 144562 and 2816.
22
What is the greatest common divisor of 3869 and 261339343?
3869
What is the highest common divisor of 130970225 and 50?
25
What is the highest common factor of 130 and 22369425?
65
Calculate the greatest common factor of 61936174 and 538.
538
Calculate the highest common factor of 11 and 2642789.
1
Calculate the highest common divisor of 693912 and 129144.
24
Calculate the highest common divisor of 399250520 and 8.
8
What is the greatest common divisor of 13230555 and 92625?
3705
Calculate the greatest common divisor of 1 and 105393386.
1
What is the greatest common factor of 3629 and 295034071?
3629
Calculate the highest common divisor of 1873 and 22901.
1
Calculate the greatest common divisor of 44324 and 152236.
28
Calculate the highest common divisor of 96482832 and 96.
48
What is the greatest common factor of 3717 and 19483688?
413
What is the greatest common factor of 19530 and 1994580?
630
What is the highest common factor of 1293083 and 17347?
209
Calculate the highest common divisor of 6305758 and 532.
38
Calculate the highest common divisor of 2858233 and 3531535.
6601
Calculate the highest common factor of 73757388 and 24.
12
Calculate the greatest common divisor of 41929097 and 175.
7
What is the greatest common factor of 765905 and 3248875?
2765
What is the greatest common factor of 18590946 and 7326?
2442
What is the highest common factor of 136845229 and 4733?
4733
What is the greatest common divisor of 336809 and 12998?
67
Calculate the greatest common divisor of 17653871 and 34.
17
Calculate the highest common factor of 5678 and 3944206.
334
What is the greatest common divisor of 5493344 and 20352?
1696
What is the greatest common divisor of 7396 and 3607399?
1849
What is the greatest common divisor of 110 and 4257610?
10
What is the highest common factor of 19127008 and 1392?
464
What is the greatest common factor of 877017 and 1620777?
3099
What is the highest common factor of 2340344 and 1518518?
3382
Calculate the greatest common divisor of 457501 and 11697312.
2299
What is the greatest common divisor of 6912 and 3796092?
108
What is the greatest common factor of 932120 and 896?
56
Calculate the greatest common factor of 440 and 26422715.
55
What is the greatest common divisor of 112 and 392413980?
28
What is the highest common divisor of 556614 and 1926?
1926
Calculate the highest common divisor of 9997736 and 2408.
56
What is the greatest common divisor of 1608 and 379926984?
1608
What is the highest common divisor of 17577 and 13682439?
2511
What is the highest common factor of 1199970 and 7370?
670
Calculate the greatest common factor of 7471100 and 11700.
1300
What is the highest common divisor of 5616 and 22420944?
1872
What is the greatest common divisor of 1397 and 14117447?
127
Calculate the greatest common factor of 7924261 and 144126.
2669
What is the highest common divisor of 89536 and 11912?
8
What is the greatest common factor of 14095756 and 156?
4
Calculate the highest common factor of 1158 and 6107678.
386
What is the highest common factor of 1343515868 and 59784?
9964
What is the highest common factor of 33314645 and 413?
413
What is the greatest common factor of 4012 and 12696977?
1003
What is the greatest common factor of 373 and 7696855?
373
Calculate the greatest common factor of 1974 and 10434438.
42
What is the greatest common divisor of 122415519 and 1329?
1329
What is the greatest common factor of 5359674 and 1732?
866
What is the greatest common divisor of 18708375 and 45?
15
What is the highest common divisor of 42962307 and 73104?
4569
Calculate the greatest common factor of 2196938 and 16.
2
What is the greatest common factor of 22 and 37414289?
11
Calculate the greatest common factor of 525 and 3434975.
25
Calculate the highest common factor of 239132520 and 1620.
540
What is the greatest common divisor of 3471 and 79903577?
1157
What is the greatest common divisor of 852 and 9656994?
426
What is the highest common factor of 2142 and 102950316?
126
What is the highest common divisor of 13952 and 34445744?
1744
Calculate the greatest common divisor of 360 and 1954280.
40
What is the greatest common factor of 188 and 728406188?
188
Calculate the highest common factor of 242 and 50333063.
11
What is the highest common factor of 932 and 11234794?
466
What is the greatest common divisor of 11266744 and 488?
8
Calculate the highest common divisor of 930 and 4343565.
465
What is the greatest common divisor of 5566266 and 54?
54
Calculate the highest common factor of 406459 and 146567.
1511
Calculate the highest common divisor of 325214 and 18306.
226
Calculate the highest common divisor of 230080 and 29152.
32
Calculate the highest common factor of 31 and 322163.
1
Calculate the greatest common divisor of 435632 and 932368.
304
Calculate the greatest common divisor of 14 and 6155982.
14
Calculate the highest common divisor of 156725701 and 11.
11
What is the greatest common factor of 36702204 and 53130?
10626
Calculate the highest common factor of 22030878 and 55253.
5023
Calculate the greatest common divisor of 1692276 and 28.
4
Calculate the highest common divisor of 8238672 and 57096.
936
Calculate the highest common divisor of 28210 and 8074570.
2170
Calculate the highest common factor of 12992 and 4144.
112
What is the highest common divisor of 12624 and 4728?
24
Calculate the greatest common divisor of 12394370 and 1222.
94
Calculate the highest common divisor of 27801 and 479.
1
What is the highest common factor of 10518 and 1845835374?
10518
Calculate the greatest common factor of 137231590 and 5730.
1910
What is the greatest common factor of 4442 and 287766086?
4442
Calculate the highest common divisor of 1739 and 37740.
37
What is the greatest common divisor of 590058 and 7337358?
2646
What is the greatest common divisor of 6 and 5679111?
3
Calculate the highest common divisor of 14877 and 1219401.
513
What is the greatest common divisor of 39186 and 3402?
126
What is the greatest common divisor of 300162320 and 400?
80
Calculate the greatest common divisor of 5 and 52631860.